{"id":1443,"date":"2020-01-30T10:05:00","date_gmt":"2020-01-30T10:05:00","guid":{"rendered":"https:\/\/azucarenmalaga.sacvelez.es\/?page_id=1443"},"modified":"2020-01-30T10:05:00","modified_gmt":"2020-01-30T10:05:00","slug":"1443-2","status":"publish","type":"page","link":"https:\/\/azucarenmalaga.sacvelez.es\/?page_id=1443","title":{"rendered":"Bibliograf\u00eda"},"content":{"rendered":"\n[et_pb_section fb_built=\u00bb1&#8243; fullwidth=\u00bbon\u00bb admin_label=\u00bbHeader Section\u00bb _builder_version=\u00bb4.0.1&#8243; background_color=\u00bb#000000&#8243; custom_padding=\u00bb|||\u00bb hover_enabled=\u00bb0&#8243; locked=\u00bboff\u00bb][et_pb_fullwidth_header title=\u00bbBibliograf\u00eda\u00bb text_orientation=\u00bbcenter\u00bb header_scroll_down=\u00bbon\u00bb scroll_down_icon=\u00bb%%1%%\u00bb scroll_down_icon_color=\u00bb#ffffff\u00bb scroll_down_icon_size=\u00bb32px\u00bb background_overlay_color=\u00bbrgba(0,0,0,0.65)\u00bb content_max_width_last_edited=\u00bboff|desktop\u00bb admin_label=\u00bbContents\u00bb _builder_version=\u00bb4.1&#8243; title_font=\u00bbOswald|||on|\u00bb title_text_align=\u00bbcenter\u00bb title_font_size=\u00bb41px\u00bb title_letter_spacing=\u00bb0.05em\u00bb title_line_height=\u00bb1.5em\u00bb subhead_font=\u00bbNunito|600|||||||\u00bb subhead_line_height=\u00bb1.9em\u00bb background_color=\u00bb#000000&#8243; background_image=\u00bbhttps:\/\/azucarenmalaga.sacvelez.es\/wp-content\/uploads\/2019\/07\/azucar-morena.jpg\u00bb custom_button_one=\u00bbon\u00bb button_one_text_size=\u00bb15px\u00bb button_one_bg_color=\u00bb#dca57d\u00bb button_one_border_width=\u00bb10px\u00bb button_one_border_color=\u00bb#dca57d\u00bb button_one_border_radius=\u00bb0px\u00bb button_one_letter_spacing=\u00bb3px\u00bb button_one_font=\u00bbOswald|||on|\u00bb button_one_use_icon=\u00bboff\u00bb custom_margin=\u00bb|||\u00bb custom_padding=\u00bb5%||5%|\u00bb animation_style=\u00bbfade\u00bb animation_starting_opacity=\u00bb50%\u00bb animation_speed_curve=\u00bbease-in\u00bb hover_enabled=\u00bb0&#8243; title_font_size_tablet=\u00bb24px\u00bb title_font_size_phone=\u00bb22px\u00bb title_font_size_last_edited=\u00bbon|phone\u00bb subhead_font_size_tablet=\u00bb14px\u00bb subhead_font_size_phone=\u00bb14px\u00bb subhead_font_size_last_edited=\u00bbon|tablet\u00bb button_one_border_color_hover=\u00bb#c99872&#8243; button_one_border_radius_hover=\u00bb0px\u00bb button_one_letter_spacing_hover=\u00bb3px\u00bb button_one_bg_color_hover=\u00bb#c99872&#8243; button_one_text_size__hover_enabled=\u00bboff\u00bb button_two_text_size__hover_enabled=\u00bboff\u00bb button_one_text_color__hover_enabled=\u00bboff\u00bb button_two_text_color__hover_enabled=\u00bboff\u00bb button_one_border_width__hover_enabled=\u00bboff\u00bb button_two_border_width__hover_enabled=\u00bboff\u00bb button_one_border_color__hover_enabled=\u00bbon\u00bb button_one_border_color__hover=\u00bb#c99872&#8243; button_two_border_color__hover_enabled=\u00bboff\u00bb button_one_border_radius__hover_enabled=\u00bbon\u00bb button_one_border_radius__hover=\u00bb0px\u00bb button_two_border_radius__hover_enabled=\u00bboff\u00bb button_one_letter_spacing__hover_enabled=\u00bbon\u00bb button_one_letter_spacing__hover=\u00bb3px\u00bb button_two_letter_spacing__hover_enabled=\u00bboff\u00bb button_one_bg_color__hover_enabled=\u00bbon\u00bb button_one_bg_color__hover=\u00bb#c99872&#8243; button_two_bg_color__hover_enabled=\u00bboff\u00bb][\/et_pb_fullwidth_header][\/et_pb_section][et_pb_section fb_built=\u00bb1&#8243; admin_label=\u00bbFeatures\u00bb _builder_version=\u00bb3.22&#8243; custom_padding=\u00bb39px|0px|32px|0px||\u00bb][et_pb_row _builder_version=\u00bb3.26.3&#8243; custom_padding=\u00bb2px|||||\u00bb][et_pb_column type=\u00bb4_4&#8243; _builder_version=\u00bb3.26.3&#8243;][et_pb_text _builder_version=\u00bb4.1&#8243; hover_enabled=\u00bb0&#8243;]<p>&nbsp;<\/p>\n<p style=\"text-align: justify;\">AGUILERA CUENCA, F. (2007): \u201cEl Puente del \u00c1guila. Un acueducto de 1888 en el barranco de la Coladilla (Maro)\u201d. <em>P\u00e9ndulo<\/em> 18.<\/p>\n<p style=\"text-align: justify;\">BARCEL\u00d3, C. et LABARTA, A. (1988): \u201cLe sucre en Espagne (711-1610)\u201d. <em>Journ. D\u2019Agric. et de Bota. Appl.<\/em> XXXV.<\/p>\n<p style=\"text-align: justify;\">BEN\u00cdTEZ BELGRANO, J.B: \u201cEl az\u00facar de ca\u00f1a, una industria malague\u00f1a del pasado\u201d.<\/p>\n<p style=\"text-align: justify;\">BIRRIEL SALCEDO, M. (1991): \u201cAz\u00facar y estado. El intento de monopolio del az\u00facar granadino\u201d. <em>Segundo Seminario Internacional de la Ca\u00f1a de Az\u00facar en el Mediterr\u00e1neo<\/em>. Motril.<\/p>\n<p style=\"text-align: justify;\">BARRAG\u00c1N, P. (1942): <em>Zafar\u00ed. Novela de costumbres granadinas.<\/em> Madrid.<\/p>\n<p style=\"text-align: justify;\">CAPILLA LUQUE, F. (2002): \u201cLa f\u00e1brica azucarera de San Jos\u00e9 de Nerja (1870-1968) y su transformaci\u00f3n en I.E.S. \u201cEl Chaparil\u201d (1976-2002)\u201d. <em>Isla de Arriar\u00e1n <\/em>XX.<\/p>\n<p style=\"text-align: justify;\">CAPILLA LUQUE, F. (2015): \u201cEl patrimonio industrial azucarero de Nerja y Maro\u201d. <em>Sociedad<\/em> 14.<\/p>\n<p style=\"text-align: justify;\">CAPILLA LUQUE, F. (2016): <em>La Industria azucarera en Nerja y Maro (I).Los ingenios preindustriales.<\/em> V\u00e9lez-M\u00e1laga.<\/p>\n<p style=\"text-align: justify;\">CAPILLA LUQUE, F. (2017): <em>La Industria azucarera en Nerja y Maro (II). Las f\u00e1bricas.<\/em> V\u00e9lez-M\u00e1laga.<\/p>\n<p style=\"text-align: justify;\">CASADO BELLAGARZA, J.L. (2005): \u201cCapital f\u00edsico y humano en la agricultura mediterr\u00e1nea andaluza: la colonia agr\u00edcola de El \u00c1ngel a finales del siglo XIX\u201d. <em>Cilniana <\/em>18<em>.<\/em><\/p>\n<p style=\"text-align: justify;\">CASADO BELLAGARZA, J.L. (2006) \u201cLa Sociedad Colonia de San Pedro de Alc\u00e1ntara a trav\u00e9s de sus balances: 1833-1909\u201d. <em>Cilniana <\/em>19<em>.<\/em><\/p>\n<p style=\"text-align: justify;\">CASADO BELLAGARZA, J.L. (2015<em>): La colonia agr\u00edcola de San Pedro de Alc\u00e1ntara (1857-1910)<\/em>. M\u00e1laga.<\/p>\n<p style=\"text-align: justify;\">CASADO S\u00c1NCHEZ DE CASTILLA, M. (1862): \u201cDe la industria azucarera en la provincia de M\u00e1laga\u201d. <em>Bolet\u00edn de la Sociedad Econ\u00f3mica de Amigos del Pa\u00eds de M\u00e1laga<\/em> 14, 16, 17 y 18.<\/p>\n<p style=\"text-align: justify;\">COMPAGNIE DE FIVES-LILLE POUR CONSTRUCTIONS M\u00c9CANIQUES ET ENTREPRISES (1878): <em>Mat\u00e9riel de Sucrerie<\/em>. Cat\u00e1logo. Edici\u00f3n facs\u00edmil con estudio introductorio de Javier Pi\u00f1ar Samos y Miguel Gim\u00e9nez Yanguas, Granada.<\/p>\n<p style=\"text-align: justify;\">CONEJO MORENO, E. (2015): \u201cEl az\u00facar en M\u00e1laga en el siglo XX\u201d. <em>Sociedad<\/em> 14.<\/p>\n<p style=\"text-align: justify;\">D\u00cdAZ GARC\u00cdA, A. (1988): <em>Documento \u00e1rabe sobre \u201cel Aduana del az\u00facar\u201d en Motril<\/em>. Motril.<\/p>\n<p style=\"text-align: justify;\">D\u00cdAZ GARC\u00cdA, A. (1991): \u201cEl az\u00facar en los textos medievales\u201d. <em>Segundo Seminario Internacional de la Ca\u00f1a de Az\u00facar en el Mediterr\u00e1neo<\/em>. Motril.<\/p>\n<p style=\"text-align: justify;\">D\u00cdAZ MU\u00d1OZ, A.M. (2014): \u201cIntervenciones en el patrimonio industrial azucarero de Andaluc\u00eda. F\u00e1brica de Az\u00facar de N\u00aa Sra. del Carmen\u201d. <em>III Jornadas Andaluzas de Patrimonio Industrial y la Obra P\u00fablica.<\/em> M\u00e1laga.<\/p>\n<p style=\"text-align: justify;\">D\u00cdAZ MU\u00d1OZ, A.M. (2015): \u201cItinerarios a trav\u00e9s del paisaje de la producci\u00f3n de az\u00facar\u201d. <em>Revista ph <\/em>87.<\/p>\n<p style=\"text-align: justify;\">F\u00c1BREGAS GARC\u00cdA, A. (1996): <em>Motril y el az\u00facar. Comerciantes italianos y jud\u00edos en el reino de Granada.<\/em> Granada.<\/p>\n<p style=\"text-align: justify;\">F\u00c1BREGAS GARC\u00cdA, A. (2000): <em>Producci\u00f3n y comercio de az\u00facar en el Mediterr\u00e1neo medieval. El ejemplo del reino de Granada.<\/em> Granada.<\/p>\n<p style=\"text-align: justify;\">F\u00c1BRICA DE CONSTRUCCI\u00d3N DE M\u00c1QUINAS TOM\u00c1S TRIGUEROS (1908): <em>Molinos para aceites movidos por motor el\u00e9ctrico, vapor, agua o caballer\u00eda.<\/em> Cat\u00e1logo. Edici\u00f3n facs\u00edmil con introducci\u00f3n a cargo de Antonio Santiago Ramos y Antonio Guzm\u00e1n Valdivia. M\u00e1laga.<\/p>\n<p style=\"text-align: justify;\">FERN\u00c1NDEZ LAVANDERA, E. y otros (1998): \u201cMolinos de ca\u00f1a de az\u00facar en la Axarqu\u00eda (M\u00e1laga)\u201d.<em> J\u00e1bega<\/em> 73.<\/p>\n<p style=\"text-align: justify;\">FERN\u00c1NDEZ LAVANDERA. E. y otros. (1991-92): \u201cLa industria azucarera en la comarca de la Axarqu\u00eda (M\u00e1laga)\u201d. <em>Campa\u00f1a Juvenil de Protecci\u00f3n del Patrimonio Tecnol\u00f3gico de Andaluc\u00eda.<\/em> Sevilla.<\/p>\n<p style=\"text-align: justify;\">GALLARDO T\u00c9LLEZ, E. (1999): \u201cLa crisis del sector azucarero preindustrial en el oriente de la provincia de M\u00e1laga\u201d. <em>Isla de Arriar\u00e1n<\/em> XIII.<\/p>\n<p style=\"text-align: justify;\">GARC\u00cdA S\u00c1NCHEZ, E. (1993): \u201cCa\u00f1a de az\u00facar y cultivos asociados en al-Andalus\u201d. <em>Paisajes del Az\u00facar. Actas del Quinto Seminario Internacional sobre la Ca\u00f1a de Az\u00facar<\/em>. Motril.<\/p>\n<p style=\"text-align: justify;\">GARC\u00cdA S\u00c1NCHEZ, E. (2013): \u201cEl az\u00facar en la \u00e9poca preindustrial\u201d. En GIM\u00c9NEZ YANGUAS, M. y PI\u00d1AR SAMOS, J.: <em>Motril y el az\u00facar. Paisaje, historia y patrimonio.<\/em> Motril.<\/p>\n<p style=\"text-align: justify;\">G\u00d3MEZ MORENO, M.L. y PAREJO BARRANCO, J.A. (2009<em>): Una econom\u00eda en transformaci\u00f3n: Antequera entre los siglos XX y XXI<\/em>. Antequera.<\/p>\n<p style=\"text-align: justify;\">GONZ\u00c1LEZ TASC\u00d3N, I. (1992): <em>F\u00e1bricas hidr\u00e1ulicas espa\u00f1olas.<\/em> Madrid.<\/p>\n<p style=\"text-align: justify;\">GUTI\u00c9RREZ \u00c1LVAREZ, S.J. (1992): \u201cLos agobios econ\u00f3micos del marqu\u00e9s del Duero y el final de una gran propiedad\u201d. <em>Cuadernos de Historia Contempor\u00e1nea<\/em> 14.<\/p>\n<p style=\"text-align: justify;\">GUZM\u00c1N VALDIVIA, A., SANTIAGO RAMOS, A. y BONILLA EST\u00c9BANEZ, I. (2005): \u201cLa ca\u00f1a de az\u00facar, un referente cultural en la Axarqu\u00eda\u201d.<em> Ballix <\/em>2.<\/p>\n<p style=\"text-align: justify;\">HEREDIA FLORES, V.M. (2015): \u201cEl patrimonio industrial del az\u00facar en la Axarqu\u00eda\u201d. <em>Sociedad<\/em> 14.<\/p>\n<p style=\"text-align: justify;\">HUMBOLDT, W. von (1799-1800): <em>Viaje a Espa\u00f1a.<\/em><\/p>\n<p style=\"text-align: justify;\">JIM\u00c9NEZ BLANCO J.I. (1985): \u201cLa ca\u00f1a de az\u00facar en la Andaluc\u00eda mediterr\u00e1nea durante el siglo XIX\u201d. <em>Revista de Estudios Andaluces<\/em> 4.<\/p>\n<p style=\"text-align: justify;\">JIM\u00c9NEZ QUINTERO, J.A. (2003): \u201cLa familia Larios en la M\u00e1laga del XIX\u201d. <em>Andaluc\u00eda en la Historia<\/em> 2.<\/p>\n<p style=\"text-align: justify;\">LACOMBA ABELL\u00c1N, J.A. (2005): \u201cLa industria del az\u00facar en Andaluc\u00eda en 1845. El informe de Ram\u00f3n de la Sagra\u201d. <em>Revista de Estudios Regionales<\/em> 74.<\/p>\n<p style=\"text-align: justify;\">LASTANOSA, P.J. de. (1601-1700): <em>Los veinti\u00fan libros de los ingenios y de las m\u00e1quinas. <\/em>Madrid.<\/p>\n<p style=\"text-align: justify;\">L\u00d3PEZ DE COCA CASTA\u00d1ER, J.E. (1987): \u201cNuevo episodio en la historia del az\u00facar de ca\u00f1a. Las Ordenanzas de Almu\u00f1\u00e9car. Siglo XVI<em>\u201d. La Ciudad Hisp\u00e1nica siglos XIII al XVI.<\/em> Madrid.<\/p>\n<p style=\"text-align: justify;\">MALPICA CUELLO, A. (1991): \u201cArqueolog\u00eda y az\u00facar, estudio de un conjunto preindustrial azucarero en el reino de Granada: La Palma (Motril)\u201d. <em>Segundo Seminario Internacional de la Ca\u00f1a de Az\u00facar en el Mediterr\u00e1neo<\/em>. Motril.<\/p>\n<p style=\"text-align: justify;\">MALUQUER DE MOTES, J. (1977): <em>El socialismo en Espa\u00f1a. 1833-1868<\/em>. Barcelona.<\/p>\n<p style=\"text-align: justify;\">MARR\u00d3N GAITE, M.J. (2011): \u201cLa adopci\u00f3n de una innovaci\u00f3n agraria en Espa\u00f1a: Los or\u00edgenes del cultivo de la remolacha azucarera. Experiencias pioneras y su repercusi\u00f3n econ\u00f3mica y territorial\u201d. <em>Estudios Geogr\u00e1ficos<\/em> LXXII.<\/p>\n<p style=\"text-align: justify;\">MART\u00cdN RODR\u00cdGUEZ, M. (1982): <em>Az\u00facar y descolonizaci\u00f3n<\/em>. Granada.<\/p>\n<p style=\"text-align: justify;\">MART\u00cdN RODR\u00cdGUEZ, M. (1994): \u201cDel trapiche a la f\u00e1brica de az\u00facar, 1779-1904\u201d. En NADAL, J. y CATAL\u00c1N, J.: <em>La cara oculta de la industrializaci\u00f3n espa\u00f1ola. La modernizaci\u00f3n de los sectores no l\u00edderes (siglos XIX y XX). <\/em>Madrid.<\/p>\n<p style=\"text-align: justify;\">MART\u00cdN RODR\u00cdGUEZ, M. (2009): <em>Az\u00facar e intervenci\u00f3n econ\u00f3mica en Espa\u00f1a<\/em>. Granada.<\/p>\n<p style=\"text-align: justify;\">MART\u00cdNEZ BARRIONUEVO, M. (1900): <em>La Generala<\/em> (novela). Madrid.<\/p>\n<p style=\"text-align: justify;\">MENDOZA PUERTAS, J.D. (2010): <em>Toponimia de Manilva<\/em>. M\u00e1laga.<\/p>\n<p style=\"text-align: justify;\">MOLINA Z\u00daJAR, S. y MORENO MORENO, A. (2006): \u201cExplotaci\u00f3n de los recursos en el entorno natural de Jimena de la Frontera tras la conquista cristiana a finales de la Edad Media\u201d. <em>Meridies <\/em>VIII.<\/p>\n<p style=\"text-align: justify;\">MONTORO FERN\u00c1NDEZ, F. (2017): <em>Viajeros en V\u00e9lez-M\u00e1laga<\/em>. V\u00e9lez-M\u00e1laga.<\/p>\n<p style=\"text-align: justify;\">MONTORO FERN\u00c1NDEZ, F. (2018): <em>La Sociedad Econ\u00f3mica de Amigos del Pa\u00eds de V\u00e9lez-M\u00e1laga (1783-1882). <\/em>V\u00e9lez-M\u00e1laga.<\/p>\n<p style=\"text-align: justify;\">MORENO FRAGINALS, M. (2002): <em>El ingenio: complejo econ\u00f3mico social cubano del az\u00facar<\/em>. Madrid.<\/p>\n<p style=\"text-align: justify;\">MORENO OLLERO, A. (2017): \u201cMoreras, ca\u00f1a de az\u00facar y pastel. Los proyectos del duque de Medina Sidonia en el siglo XVI<em>\u201d. Andaluc\u00eda en la Historia<\/em> 58.<\/p>\n<p style=\"text-align: justify;\">OLALLA MERCAD\u00c9, L. (1997): \u201cLa ca\u00f1a de az\u00facar: un viaje, una historia, un recuerdo\u201d.<em> P\u00e9ndulo<\/em> 19.<\/p>\n<p style=\"text-align: justify;\">PAREJO BARRANCO, A. (1990): <em>M\u00e1laga y los Larios<\/em>. <em>Capitalismo industrial y atraso econ\u00f3mico (1875-1914). <\/em>M\u00e1laga.<\/p>\n<p style=\"text-align: justify;\">P\u00c9REZ VIDAL, J. (1938): \u201cCa\u00f1as y trapiches de az\u00facar en Marbella\u201d. <em>Revista de Dialectolog\u00eda y Tradiciones Populares <\/em>XXVII.<\/p>\n<p style=\"text-align: justify;\">PEZZI CRIST\u00d3BAL, P. (1998): \u201cLa Pura y Limpia Concepci\u00f3n; un trapiche azucarero en la V\u00e9lez-M\u00e1laga del siglo XVIII\u201d. <em>Isla de Arriar\u00e1n<\/em> XI.<\/p>\n<p style=\"text-align: justify;\">PEZZI CRIST\u00d3BAL, P. (2003): <em>Pasa y lim\u00f3n para los pa\u00edses del Norte. Econom\u00eda y fiscalidad en V\u00e9lez-M\u00e1laga en el siglo XVIII. M\u00e1laga.<\/em><\/p>\n<p style=\"text-align: justify;\">PI\u00d1AR SAMOS, J. y GIM\u00c9NEZ YANGUAS, M. (1996<em>): Motril y el az\u00facar. Del paisaje industrial al patrimonio tecnol\u00f3gico (1845-1995)<\/em>. Motril.<\/p>\n<p style=\"text-align: justify;\">PI\u00d1AR SAMOS, J. y GIM\u00c9NEZ YANGUAS, M. (1997): \u201cLas f\u00e1bricas azucareras de la costa granadina\u201d. <em>El Patrimonio Tecnol\u00f3gico de Andaluc\u00eda,<\/em> Sevilla.<\/p>\n<p style=\"text-align: justify;\">PI\u00d1AR SAMOS, J. y GIM\u00c9NEZ YANGUAS, M. (2013): \u201cMotril y el az\u00facar (1846-2006). Un recorrido a trav\u00e9s de textos e im\u00e1genes imprescindibles\u201d. En GIM\u00c9NEZ YANGUAS, M. y PI\u00d1AR SAMOS, J.: <em>Motril y el az\u00facar. Paisaje, historia y patrimonio.<\/em> Motril.<\/p>\n<p style=\"text-align: justify;\">POSTIGO DUR\u00c1N, I. (2011): \u201cOrigen de la industria del az\u00facar de remolacha en Antequera: Las primeras campa\u00f1as del ingenio San Jos\u00e9 (1890-1910)\u201d. <em>Revista de Estudios Antequeranos<\/em> 15.<\/p>\n<p style=\"text-align: justify;\">PRIETO BORREGO, L. (1996): \u201cEl trapiche de Marbella\u201d. <em>Cilniana <\/em>8<em>.<\/em><\/p>\n<p style=\"text-align: justify;\">PRIETO BORREGO, L. (2008): \u201cEl trapiche del Prado: un establecimiento preindustrial de la Marbella del Antiguo R\u00e9gimen<em>\u201d. Baetica <\/em>30.<\/p>\n<p style=\"text-align: justify;\">PRIETO BORREGO, L. (2015): \u201cEl trapiche de Guadaiza o la funci\u00f3n social del patrimonio\u201d. <em>Sociedad <\/em>14.<\/p>\n<p style=\"text-align: justify;\">PRIETO BORREGO, L. y CASADO BELLAGARZA, J.L. (1994): La Granja Modelo de San Pedro Alc\u00e1ntara. Un proyecto de innovaci\u00f3n agraria. Marbella.<\/p>\n<p style=\"text-align: justify;\">REYES MESA, J. y GIM\u00c9NEZ YANGUAS, M. (2014<em>): Miradas desde el ferrocarril del az\u00facar. Paisaje y patrimonio industrial en la Vega de Granada<\/em>. Granada.<\/p>\n<p style=\"text-align: justify;\">RODR\u00cdGUEZ MAR\u00cdN, F.J. (2006): \u201cPatrimonio industrial azucarero de la Axarqu\u00eda: entre el olvido y la puesta en valor\u201d. <em>Isla de Arriar\u00e1n<\/em> XXVIII.<\/p>\n<p style=\"text-align: justify;\">RON MONTERO (2013):<em> El genuino ron espa\u00f1ol. 50 a\u00f1os de pureza y tradici\u00f3n<\/em>. Motril.<\/p>\n<p style=\"text-align: justify;\">ROSA JIM\u00c9NEZ, C.S. y otros (2010): \u201cEl paisaje industrial de la ca\u00f1a de az\u00facar en la Costa del Sol oriental y litoral de Granada: Identidad para la consolidaci\u00f3n del nuevo espacio tur\u00edstico\u201d. <em>I Jornadas de Patrimonio Industrial y la Obra P\u00fablica.<\/em> Sevilla.<\/p>\n<p style=\"text-align: justify;\">RUIZ GARC\u00cdA, P. (2000<em>): La Axarqu\u00eda tierra de az\u00facar. Cincuenta y dos documentos hist\u00f3ricos.<\/em> V\u00e9lez-M\u00e1laga.<\/p>\n<p style=\"text-align: justify;\">RUIZ GARC\u00cdA, P. (2015): \u201cEl ingenio azucarero de Torre del Mar. Desde Jos\u00e9 Garc\u00eda Navarrete a Juan Nepomuceno Enr\u00edquez\u201d. <em>Sociedad<\/em> 14.<\/p>\n<p style=\"text-align: justify;\">S\u00c1NCHEZ S\u00c1NCHEZ, F.J. (2009): \u201cEl patrimonio arquitect\u00f3nico azucarero en Andaluc\u00eda Oriental. Intervenciones y nuevos usos\u201d. <em>e-rph.<\/em><\/p>\n<p style=\"text-align: justify;\">SANTIAGO RAMOS, A., BONILLA EST\u00c9BANEZ, I. y GUZM\u00c1N VALDIVA, A. (2001): Cien a\u00f1os de Historia de las f\u00e1bricas malague\u00f1as (1830-1930). M\u00e1laga.<\/p>\n<p style=\"text-align: justify;\">SANTIAGO RAMOS, A. y GUZM\u00c1N VALDIVIA, A. (2007): <em>Axarqu\u00eda. Patrimonio Industrial.<\/em> M\u00e1laga.<\/p>\n<p style=\"text-align: justify;\">SANTIAGO RAMOS, A. y GUZM\u00c1N VALDIVIA, A. (2009): \u201cLa fabrica de az\u00facar de Torre del Mar, elemento de un paisaje hist\u00f3rico<em>\u201d. Revista ph<\/em> 71.<\/p>\n<p style=\"text-align: justify;\">SAGRA, R. de la (1845): <em>Informe sobre el cultivo de la ca\u00f1a y la fabricaci\u00f3n del az\u00facar en las costas de Andaluc\u00eda<\/em>, Madrid. Edici\u00f3n facs\u00edmil con estudio introductorio de Isabel Cambr\u00f3n Infante. Granada, 1999.<\/p>\n<p style=\"text-align: justify;\">SOBRINO SIMAL, J. (1996): <em>Arquitectura industrial en Espa\u00f1a, 1830-1990.<\/em> Madrid.<\/p>\n<p style=\"text-align: justify;\">SOBRINO SIMAL, J. (1998): <em>Arquitectura de la industria en Andaluc\u00eda. <\/em>Sevilla.<\/p>\n<p style=\"text-align: justify;\">V\u00c1ZQUEZ RENGIFO, J. (1615): <em>Grandezas de la ciudad de V\u00e9lez y hechos notables de sus naturales.<\/em> Edici\u00f3n facs\u00edmil 1998. V\u00e9lez-M\u00e1laga.<\/p>\n<p style=\"text-align: justify;\">VILLAR GARC\u00cdA M.B. y GARC\u00cdA MONTORO, C. (1989): \u201cEl capital mercantil en las crisis de principios del siglo XIX. Tres ejemplos malague\u00f1os\u201d. <em>Baetica 12<\/em>.<\/p>\n<p style=\"text-align: justify;\">VILLAR GARC\u00cdA M.B. y GARC\u00cdA MONTORO, C. (1991): \u201cInversiones agroindustriales de la burgues\u00eda mercantil a finales del siglo XVIII: Tom\u00e1s de Quilty y la fabricaci\u00f3n del az\u00facar en la costa malague\u00f1a (1779-1804)\u201d. En GARC\u00cdA-BAQUERO GONZ\u00c1LEZ, A. (Ed.): La<em> Burgues\u00eda de Negocios en la Andaluc\u00eda de la Ilustraci\u00f3n<\/em>. C\u00e1diz.<\/p>\n<p style=\"text-align: justify;\">YUS RAMOS, R., MONTORO FERN\u00c1NDEZ, F. y PEZZI CRIST\u00d3BAL, P. (2014): <em>El lignito de Arenas del Rey. Historia social, econ\u00f3mica y biogeol\u00f3gica de un combustible<\/em>. V\u00e9lez-M\u00e1laga.<\/p>\n<p style=\"text-align: justify;\">\n[\/et_pb_text][\/et_pb_column][\/et_pb_row][\/et_pb_section]\n","protected":false},"excerpt":{"rendered":"<p>&nbsp; AGUILERA CUENCA, F. (2007): \u201cEl Puente del \u00c1guila. Un acueducto de 1888 en el barranco de la Coladilla (Maro)\u201d. P\u00e9ndulo 18. BARCEL\u00d3, C. et LABARTA, A. (1988): \u201cLe sucre en Espagne (711-1610)\u201d. Journ. D\u2019Agric. et de Bota. Appl. XXXV. BEN\u00cdTEZ BELGRANO, J.B: \u201cEl az\u00facar de ca\u00f1a, una industria malague\u00f1a del pasado\u201d. BIRRIEL SALCEDO, M. [&hellip;]<\/p>\n","protected":false},"author":1,"featured_media":0,"parent":0,"menu_order":0,"comment_status":"closed","ping_status":"closed","template":"","meta":{"_et_pb_use_builder":"on","_et_pb_old_content":"","_et_gb_content_width":"","footnotes":""},"_links":{"self":[{"href":"https:\/\/azucarenmalaga.sacvelez.es\/index.php?rest_route=\/wp\/v2\/pages\/1443"}],"collection":[{"href":"https:\/\/azucarenmalaga.sacvelez.es\/index.php?rest_route=\/wp\/v2\/pages"}],"about":[{"href":"https:\/\/azucarenmalaga.sacvelez.es\/index.php?rest_route=\/wp\/v2\/types\/page"}],"author":[{"embeddable":true,"href":"https:\/\/azucarenmalaga.sacvelez.es\/index.php?rest_route=\/wp\/v2\/users\/1"}],"replies":[{"embeddable":true,"href":"https:\/\/azucarenmalaga.sacvelez.es\/index.php?rest_route=%2Fwp%2Fv2%2Fcomments&post=1443"}],"version-history":[{"count":0,"href":"https:\/\/azucarenmalaga.sacvelez.es\/index.php?rest_route=\/wp\/v2\/pages\/1443\/revisions"}],"wp:attachment":[{"href":"https:\/\/azucarenmalaga.sacvelez.es\/index.php?rest_route=%2Fwp%2Fv2%2Fmedia&parent=1443"}],"curies":[{"name":"wp","href":"https:\/\/api.w.org\/{rel}","templated":true}]}}